ate the highest common divisor of 43384 and 7348352.
1496
Calculate the greatest common factor of 7298172 and 6804.
252
What is the greatest common factor of 947401 and 6293?
203
Calculate the highest common divisor of 2907 and 136868343.
969
What is the highest common divisor of 129540422 and 1936?
242
What is the greatest common divisor of 4252068 and 1620?
108
What is the highest common divisor of 24428 and 2646104?
788
What is the highest common divisor of 7756 and 3716?
4
What is the greatest common factor of 34 and 3944533902?
34
Calculate the greatest common divisor of 3255741 and 10989.
999
What is the greatest common divisor of 31278723 and 63?
21
What is the greatest common divisor of 66 and 25131117?
33
Calculate the greatest common divisor of 138810 and 164276.
14
What is the greatest common divisor of 786 and 10867891?
131
What is the highest common divisor of 243391 and 108?
1
Calculate the greatest common divisor of 3172 and 20660029.
793
Calculate the greatest common divisor of 7544 and 6301126.
1886
Calculate the greatest common factor of 4591296 and 4194.
18
Calculate the highest common factor of 123098 and 150304.
122
Calculate the greatest common divisor of 250 and 44930.
10
What is the highest common factor of 4797 and 393913?
13
Calculate the highest common divisor of 753875 and 49025.
925
Calculate the greatest common factor of 1263994602 and 2028.
1014
Calculate the highest common divisor of 213356 and 65692.
44
What is the highest common divisor of 2292 and 182451604?
764
What is the highest common factor of 82508903 and 5463?
607
Calculate the highest common factor of 754855 and 95.
5
What is the greatest common factor of 203093214 and 186?
186
Calculate the greatest common divisor of 11137 and 422947.
259
What is the greatest common factor of 492 and 4849234?
82
What is the greatest common divisor of 301041 and 830583?
3627
What is the greatest common divisor of 351871044 and 118?
118
What is the highest common divisor of 1600861627 and 17?
17
Calculate the highest common factor of 162146212 and 16.
4
Calculate the highest common divisor of 372 and 7651978.
62
Calculate the greatest common factor of 14841 and 137274303.
4947
Calculate the greatest common factor of 2354 and 101577454.
2354
What is the highest common factor of 530 and 12361985?
265
Calculate the highest common divisor of 1272 and 127688766.
318
What is the highest common divisor of 2 and 189444562?
2
Calculate the greatest common factor of 3438226 and 427977.
1441
Calculate the greatest common divisor of 73 and 6305083.
73
Calculate the greatest common divisor of 6237 and 100632.
21
What is the greatest common divisor of 10 and 144790?
10
Calculate the greatest common factor of 1009008 and 14436.
36
Calculate the greatest common factor of 21216 and 7232.
32
What is the greatest common factor of 8 and 38091136?
8
Calculate the highest common factor of 1826 and 7242829.
913
What is the highest common divisor of 1334165 and 6265?
35
What is the highest common divisor of 314 and 27384568?
314
What is the greatest common factor of 32024166 and 15984?
222
Calculate the highest common divisor of 6922861 and 55.
11
Calculate the highest common divisor of 717208692 and 8655.
1731
What is the highest common divisor of 17388 and 840006?
414
Calculate the highest common divisor of 7 and 1300081671.
7
Calculate the greatest common factor of 130663 and 209384617.
5681
What is the greatest common factor of 3209327 and 153857?
2167
What is the greatest common divisor of 137736 and 31968143?
1913
Calculate the highest common divisor of 37600 and 47660.
20
What is the greatest common divisor of 1030029200 and 40?
40
What is the greatest common factor of 2834 and 5103046?
26
What is the greatest common divisor of 7354865 and 35?
35
What is the greatest common factor of 12350 and 3221600?
50
Calculate the highest common factor of 1602526 and 164.
82
Calculate the highest common factor of 27085929 and 1950.
39
Calculate the highest common factor of 462 and 6450906.
462
What is the greatest common factor of 48840 and 3546840?
1320
What is the highest common divisor of 2501224 and 230824?
3784
What is the greatest common factor of 1344 and 28392?
168
What is the greatest common divisor of 272 and 85277?
1
What is the greatest common factor of 28125 and 8025?
75
Calculate the highest common factor of 10593 and 20842965.
99
Calculate the greatest common divisor of 46765726 and 1064.
266
Calculate the highest common divisor of 36832615 and 2122.
1061
What is the greatest common divisor of 153 and 7030971?
9
What is the highest common divisor of 84 and 341852?
28
Calculate the highest common divisor of 765321084 and 3.
3
What is the highest common divisor of 5982 and 5578?
2
What is the greatest common factor of 4709385 and 6?
3
Calculate the greatest common divisor of 8455300 and 940000.
4700
Calculate the highest common factor of 16936 and 689272.
232
Calculate the greatest common divisor of 153576 and 62.
2
What is the greatest common divisor of 910716702 and 366?
366
What is the highest common factor of 5134 and 20497193?
151
Calculate the highest common factor of 1870 and 7372373.
17
What is the highest common factor of 1397760 and 19760?
1040
What is the greatest common divisor of 2922153 and 897?
39
Calculate the highest common divisor of 2902623 and 52923.
4071
Calculate the greatest common factor of 1933386 and 199654.
182
What is the greatest common divisor of 375148930 and 580?
290
Calculate the highest common factor of 51 and 899919089.
17
What is the greatest common divisor of 12448 and 187792?
16
What is the greatest common factor of 1218 and 11485131?
609
Calculate the highest common factor of 588 and 12934432.
196
What is the highest common factor of 3485392 and 4432?
16
What is the highest common divisor of 25797747 and 804?
201
Calculate the greatest common factor of 87 and 16268449.
29
What is the greatest common divisor of 11379350 and 123950?
1850
Calculate the highest common divisor of 81042744 and 24.
24
What is the greatest common divisor of 92619 and 8432847?
2259
What is the highest common divisor of 167260 and 460?
20
Calculate the greatest common divisor of 2230 and 11012186.
446
Calculate the greatest common factor of 7922 and 13226.
34
Calculate the highest common factor of 825 and 8219310.
165
Calculate the greatest common factor of 10 and 24074480.
10
Calculate the greatest common factor of 503034 and 10936653.
8673
Calculate the highest common factor of 9932 and 480220.
52
Calculate the highest common divisor of 534726225 and 4455.
1485
Calculate the greatest common divisor of 4464 and 872784.
144
Calculate the greatest common divisor of 7277207 and 357.
119
Calculate the highest common factor of 2240 and 285232.
16
Calculate the greatest common divisor of 2380 and 6944.
28
Calculate the greatest common factor of 88525104 and 70512.
5424
Calculate the greatest common divisor of 3778291 and 869.
11
What is the greatest common factor of 60 and 23959716?
12
Calculate the highest common factor of 27081 and 457011.
153
Calculate the greatest common divisor of 60 and 46863560.
20
Calculate the highest common factor of 36 and 4302486.
18
What is the greatest common divisor of 28626 and 3264?
6
Calculate the highest common factor of 251719 and 1742.
871
What is the greatest common factor of 30 and 102083544?
6
Calculate the highest common divisor of 528 and 150992.
16
What is the greatest common factor of 109 and 58444819?
109
Calculate the greatest common divisor of 2714146 and 1810522.
3274
What is the highest common factor of 2202880 and 5840?
80
What is the greatest common divisor of 366 and 317139?
183
Calculate the highest common factor of 12159 and 1617357.
21
Calculate the highest common factor of 4929 and 3961614.
93
Calculate the highest common factor of 8387340 and 3120.
780
Calculate the greatest common factor of 8720 and 51680.
80
What is the highest common factor of 303 and 645212139?
303
What is the greatest common divisor of 4960 and 10048030?
310
Calculate the highest common divisor of 32341345 and 65.
5
Calculate the highest common factor of 4260516 and 26.
26
Calculate the highest common factor of 39149 and 29692737.
3559
Calculat